{"id":115,"date":"2019-02-02T22:28:06","date_gmt":"2019-02-02T21:28:06","guid":{"rendered":"https:\/\/www.ecsfortunette.fr\/?page_id=115"},"modified":"2024-04-07T13:03:20","modified_gmt":"2024-04-07T11:03:20","slug":"articles","status":"publish","type":"page","link":"https:\/\/www.ecsfortunette.fr\/index.php\/articles\/","title":{"rendered":"Articles"},"content":{"rendered":"<ul class=\"wp-block-latest-posts__list wp-block-latest-posts\"><li><a class=\"wp-block-latest-posts__post-title\" href=\"https:\/\/www.ecsfortunette.fr\/index.php\/2025\/05\/04\/courcours-agility-2025\/\">courcours agility 2025<\/a><\/li>\n<li><a class=\"wp-block-latest-posts__post-title\" href=\"https:\/\/www.ecsfortunette.fr\/index.php\/2024\/04\/07\/concours-agility-2024\/\">CONCOURS AGILITY 2024<\/a><\/li>\n<li><a class=\"wp-block-latest-posts__post-title\" href=\"https:\/\/www.ecsfortunette.fr\/index.php\/2023\/02\/28\/assemblee-generale-elective\/\">ASSEMBLEE GENERALE ELECTIVE<\/a><\/li>\n<li><a class=\"wp-block-latest-posts__post-title\" href=\"https:\/\/www.ecsfortunette.fr\/index.php\/2021\/07\/14\/nouvel-educateur-diplome-a-ecsf\/\">Nouvel \u00e9ducateur dipl\u00f4m\u00e9 \u00e0 ECSF !<\/a><\/li>\n<li><a class=\"wp-block-latest-posts__post-title\" href=\"https:\/\/www.ecsfortunette.fr\/index.php\/2019\/02\/07\/journee-travaux\/\">Journ\u00e9e travaux<\/a><\/li>\n<\/ul>","protected":false},"excerpt":{"rendered":"","protected":false},"author":1,"featured_media":0,"parent":0,"menu_order":0,"comment_status":"closed","ping_status":"closed","template":"","meta":[],"_links":{"self":[{"href":"https:\/\/www.ecsfortunette.fr\/index.php\/wp-json\/wp\/v2\/pages\/115"}],"collection":[{"href":"https:\/\/www.ecsfortunette.fr\/index.php\/wp-json\/wp\/v2\/pages"}],"about":[{"href":"https:\/\/www.ecsfortunette.fr\/index.php\/wp-json\/wp\/v2\/types\/page"}],"author":[{"embeddable":true,"href":"https:\/\/www.ecsfortunette.fr\/index.php\/wp-json\/wp\/v2\/users\/1"}],"replies":[{"embeddable":true,"href":"https:\/\/www.ecsfortunette.fr\/index.php\/wp-json\/wp\/v2\/comments?post=115"}],"version-history":[{"count":7,"href":"https:\/\/www.ecsfortunette.fr\/index.php\/wp-json\/wp\/v2\/pages\/115\/revisions"}],"predecessor-version":[{"id":2173,"href":"https:\/\/www.ecsfortunette.fr\/index.php\/wp-json\/wp\/v2\/pages\/115\/revisions\/2173"}],"wp:attachment":[{"href":"https:\/\/www.ecsfortunette.fr\/index.php\/wp-json\/wp\/v2\/media?parent=115"}],"curies":[{"name":"wp","href":"https:\/\/api.w.org\/{rel}","templated":true}]}}