{"id":28,"date":"2019-01-31T21:02:56","date_gmt":"2019-01-31T20:02:56","guid":{"rendered":"https:\/\/www.ecsfortunette.fr\/?page_id=28"},"modified":"2026-04-20T15:56:19","modified_gmt":"2026-04-20T13:56:19","slug":"obeissance-2","status":"publish","type":"page","link":"https:\/\/www.ecsfortunette.fr\/index.php\/obeissance-2\/","title":{"rendered":"Ob\u00e9issance"},"content":{"rendered":"\n<div class=\"wp-block-media-text alignwide\" style=\"grid-template-columns:11% auto\"><figure class=\"wp-block-media-text__media\"><img loading=\"lazy\" width=\"600\" height=\"419\" src=\"https:\/\/www.ecsfortunette.fr\/wp-content\/uploads\/2021\/01\/Dominique.jpg\" alt=\"\" class=\"wp-image-1397\" srcset=\"https:\/\/www.ecsfortunette.fr\/wp-content\/uploads\/2021\/01\/Dominique.jpg 600w, https:\/\/www.ecsfortunette.fr\/wp-content\/uploads\/2021\/01\/Dominique-523x365.jpg 523w\" sizes=\"(max-width: 600px) 100vw, 600px\" \/><\/figure><div class=\"wp-block-media-text__content\">\n\n<p class=\"has-text-color has-very-dark-gray-color\">Responsable section ob\u00e9issance :                                                                    Dominique VACCARO  <\/p>\n\n<\/div><\/div>\n\n\n\n<p class=\"has-very-dark-gray-color has-text-color\">06 18 42 81 91 \/  dominique_vaccaro@orange.fr<\/p>\n\n\n\n<p class=\"has-very-dark-gray-color has-very-light-gray-background-color has-text-color has-background has-medium-font-size\"><strong>Les conditions d&rsquo;adh\u00e9sion :<\/strong><\/p>\n\n\n\n<p class=\"has-very-dark-gray-color has-text-color\">&#8211; Le CSAU (Certificat de Sociabilit\u00e9 et d&rsquo;Aptitude \u00e0 l&rsquo;Utilisation) est n\u00e9cessaire pour pouvoir concourir dans la discipline.<br>\n&#8211; Le concurrent doit appartenir \u00e0 un club canin reconnu par la Soci\u00e9t\u00e9 \nCentrale Canine, et faire une demande de licence accompagn\u00e9e du carnet \nde travail.<br>\n&#8211; L\u2019\u00e2ge minimum pour participer est de 12 mois (Classe 1 et 2), 15 mois (Classe 3).<\/p>\n\n\n\n<p class=\"has-very-dark-gray-color has-very-light-gray-background-color has-text-color has-background has-medium-font-size\"><strong>Le contenu du programme d&rsquo;ob\u00e9issance :<\/strong><\/p>\n\n\n\n<p class=\"has-very-dark-gray-color has-text-color\">Cette discipline est sous l&rsquo;autorit\u00e9 de la CUN \u00ab\u00a0Commission d&rsquo;Utilisation Nationale\u00a0\u00bb <a href=\"http:\/\/cun-cbg.com\/\" target=\"_blank\" rel=\"noreferrer noopener\" aria-label=\" (s\u2019ouvre dans un nouvel onglet)\">http:\/\/cun-cbg.com\/<\/a><\/p>\n\n\n\n<p><a href=\"https:\/\/www.ecsfortunette.fr\/wp-content\/uploads\/2022\/02\/Obedience-2022.pdf\" target=\"_blank\" rel=\"noreferrer noopener\" aria-label=\"R\u00e8glement pour les comp\u00e9titions FCI 2022 - Classes 1 - 2 - 3  (s\u2019ouvre dans un nouvel onglet)\">R\u00e8glement pour les comp\u00e9titions FCI 2022 &#8211; Classes 1 &#8211; 2 &#8211; 3 <\/a><br><\/p>\n\n\n\n<p class=\"has-very-dark-gray-color has-text-color\">Pour en savoir plus, vous pouvez aller visiter le site du groupe de travail d\u2019ob\u00e9issance:<a href=\"http:\/\/www.obeissance.eu\/\" target=\"_blank\" rel=\"noreferrer noopener\">http:\/\/www.obeissance.eu\/<\/a><\/p>\n\n\n\n<p class=\"has-light-green-cyan-color has-light-green-cyan-background-color has-text-color has-background\">xxx<\/p>\n\n\n\n<p><\/p>\n","protected":false},"excerpt":{"rendered":"<p>Responsable section ob\u00e9issance : Dominique VACCARO 06 18 42 81 91 \/ dominique_vaccaro@orange.fr Les conditions d&rsquo;adh\u00e9sion : &#8211; Le CSAU (Certificat de Sociabilit\u00e9 et d&rsquo;Aptitude \u00e0 l&rsquo;Utilisation) est n\u00e9cessaire pour pouvoir concourir dans la discipline. &#8211; Le concurrent doit appartenir \u00e0 un club canin reconnu par la Soci\u00e9t\u00e9 Centrale Canine, et faire une demande de&hellip; <br \/> <a class=\"read-more\" href=\"https:\/\/www.ecsfortunette.fr\/index.php\/obeissance-2\/\">Lire la suite<\/a><\/p>\n","protected":false},"author":1,"featured_media":0,"parent":0,"menu_order":0,"comment_status":"closed","ping_status":"closed","template":"","meta":[],"_links":{"self":[{"href":"https:\/\/www.ecsfortunette.fr\/index.php\/wp-json\/wp\/v2\/pages\/28"}],"collection":[{"href":"https:\/\/www.ecsfortunette.fr\/index.php\/wp-json\/wp\/v2\/pages"}],"about":[{"href":"https:\/\/www.ecsfortunette.fr\/index.php\/wp-json\/wp\/v2\/types\/page"}],"author":[{"embeddable":true,"href":"https:\/\/www.ecsfortunette.fr\/index.php\/wp-json\/wp\/v2\/users\/1"}],"replies":[{"embeddable":true,"href":"https:\/\/www.ecsfortunette.fr\/index.php\/wp-json\/wp\/v2\/comments?post=28"}],"version-history":[{"count":38,"href":"https:\/\/www.ecsfortunette.fr\/index.php\/wp-json\/wp\/v2\/pages\/28\/revisions"}],"predecessor-version":[{"id":2305,"href":"https:\/\/www.ecsfortunette.fr\/index.php\/wp-json\/wp\/v2\/pages\/28\/revisions\/2305"}],"wp:attachment":[{"href":"https:\/\/www.ecsfortunette.fr\/index.php\/wp-json\/wp\/v2\/media?parent=28"}],"curies":[{"name":"wp","href":"https:\/\/api.w.org\/{rel}","templated":true}]}}